{"id":829,"date":"2023-11-22T10:08:55","date_gmt":"2023-11-22T10:08:55","guid":{"rendered":"https:\/\/co2inno.com\/?page_id=829"},"modified":"2024-10-25T09:41:17","modified_gmt":"2024-10-25T09:41:17","slug":"premier-colloque-co2inno-a-luniversite-de-fribourg-le-05-12-2023","status":"publish","type":"page","link":"https:\/\/co2inno.com\/fr\/premier-colloque-co2inno-a-luniversite-de-fribourg-le-05-12-2023\/","title":{"rendered":"Premier colloque CO2InnO \u00e0 l&rsquo;Universit\u00e9 de Fribourg le 05.12.2023"},"content":{"rendered":"\n<p>Le premier colloque du projet Interreg CO2InnO pr\u00e9sentera les premiers r\u00e9sultats de la recherche. Des solutions durables dans les domaines de l&rsquo;\u00e9nergie, de la mobilit\u00e9 et de l&rsquo;industrie sont d\u00e9velopp\u00e9es dans le cadre du projet afin de rendre la r\u00e9gion m\u00e9tropolitaine du Rhin sup\u00e9rieur exempte d&rsquo;\u00e9missions. <\/p>\n\n\n<div class=\"wp-block-image\">\n<figure class=\"alignleft size-full is-resized\"><img loading=\"lazy\" decoding=\"async\" width=\"7016\" height=\"9933\" src=\"https:\/\/co2inno.com\/wp-content\/uploads\/2023\/11\/Poster-A1_CO2Inno-final.jpg\" alt=\"\" class=\"wp-image-320\" style=\"width:420px;height:auto\"><\/figure>\n<\/div>\n\n\n<p>Un outil de simulation actuellement en cours de d\u00e9veloppement permettra de r\u00e9pondre aux questions relatives \u00e0 la facilit\u00e9 d&rsquo;utilisation des syst\u00e8mes \u00e9nerg\u00e9tiques d\u00e9carbon\u00e9s bas\u00e9s sur la cog\u00e9n\u00e9ration et les combinaisons possibles avec d&rsquo;autres sources d&rsquo;\u00e9nergie renouvelables.<\/p>\n\n\n\n<p>En outre, des sujets tels que l&rsquo;acceptation, la r\u00e9glementation, la cybers\u00e9curit\u00e9 et la r\u00e9utilisation des mat\u00e9riaux locaux seront analys\u00e9s dans des \u00e9tudes compl\u00e9mentaires.<\/p>\n\n\n\n<p>Le premier colloque de ce projet Interreg aura lieu le 5 d\u00e9cembre 2023 \u00e0 l&rsquo;auditorium de l&rsquo;Universit\u00e9 de Fribourg (13h-17h) et est divis\u00e9 en trois blocs de programme :<\/p>\n\n\n\n<ol class=\"wp-block-list\">\n<li>Pr\u00e9sentation du projet Interreg et de la centrale pilote de cog\u00e9n\u00e9ration H2<\/li>\n\n\n\n<li>Utilisation d&rsquo;une cog\u00e9n\u00e9ration H2 \u00e0 partir des \u00e9tudes de cas de la ville d&rsquo;Offenburg et de l&rsquo;h\u00f4pital universitaire de Freiburg<\/li>\n\n\n\n<li>\u00c9tat de maturit\u00e9 technologique et projets industriels exemplaires<\/li>\n<\/ol>\n\n\n\n<p>Une traduction simultan\u00e9e allemand-fran\u00e7ais sera assur\u00e9e.<\/p>\n\n\n\n<p>L&rsquo;<a href=\"https:\/\/trion-climate.net\/fileadmin\/Aktivitaeten\/Veranstaltungen_2023\/CO2Inno\/Programm_1.Kolloquium_CO2InnO_05.12.23_Freiburg.pdf\" data-type=\"link\" data-id=\"https:\/\/trion-climate.net\/fileadmin\/Aktivitaeten\/Veranstaltungen_2023\/CO2Inno\/Programm_1.Kolloquium_CO2InnO_05.12.23_Freiburg.pdf\">ordre du jour<\/a> et le formulaire d&rsquo;<a href=\"https:\/\/trion-climate.net\/news-details\/kolloquium-co2inno-reallabor-fuer-eine-co2-neutrale-innovationsregion-oberrhein#c2340\">inscription<\/a> sont disponibles sous les liens respectifs.<\/p>\n\n\n\n<p>Nous nous r\u00e9jouissons de votre participation !<\/p>\n","protected":false},"excerpt":{"rendered":"<p>Le premier colloque du projet Interreg CO2InnO pr\u00e9sentera les premiers r\u00e9sultats de la recherche. Des solutions durables dans les domaines de l&rsquo;\u00e9nergie, de la mobilit\u00e9 et de l&rsquo;industrie sont d\u00e9velopp\u00e9es dans le cadre du projet afin de rendre la r\u00e9gion m\u00e9tropolitaine du Rhin sup\u00e9rieur exempte d&rsquo;\u00e9missions. Un outil de simulation actuellement en cours de d\u00e9veloppement&#8230;<\/p>\n","protected":false},"author":2,"featured_media":0,"parent":0,"menu_order":0,"comment_status":"closed","ping_status":"closed","template":"","meta":{"_kadence_starter_templates_imported_post":false,"_kad_post_transparent":"","_kad_post_title":"","_kad_post_layout":"","_kad_post_sidebar_id":"","_kad_post_content_style":"","_kad_post_vertical_padding":"","_kad_post_feature":"","_kad_post_feature_position":"","_kad_post_header":false,"_kad_post_footer":false,"footnotes":""},"class_list":["post-829","page","type-page","status-publish","hentry"],"_links":{"self":[{"href":"https:\/\/co2inno.com\/fr\/wp-json\/wp\/v2\/pages\/829","targetHints":{"allow":["GET"]}}],"collection":[{"href":"https:\/\/co2inno.com\/fr\/wp-json\/wp\/v2\/pages"}],"about":[{"href":"https:\/\/co2inno.com\/fr\/wp-json\/wp\/v2\/types\/page"}],"author":[{"embeddable":true,"href":"https:\/\/co2inno.com\/fr\/wp-json\/wp\/v2\/users\/2"}],"replies":[{"embeddable":true,"href":"https:\/\/co2inno.com\/fr\/wp-json\/wp\/v2\/comments?post=829"}],"version-history":[{"count":2,"href":"https:\/\/co2inno.com\/fr\/wp-json\/wp\/v2\/pages\/829\/revisions"}],"predecessor-version":[{"id":937,"href":"https:\/\/co2inno.com\/fr\/wp-json\/wp\/v2\/pages\/829\/revisions\/937"}],"wp:attachment":[{"href":"https:\/\/co2inno.com\/fr\/wp-json\/wp\/v2\/media?parent=829"}],"curies":[{"name":"wp","href":"https:\/\/api.w.org\/{rel}","templated":true}]}}

Premier colloque CO2InnO à l&rsquo;Université de Fribourg le 05.12.2023

<p>Le premier colloque du projet Interreg CO2InnO présentera les premiers résultats de la recherche. Des solutions durables dans les domaines de l&rsquo;énergie, de la mobilité et de l&rsquo;industrie sont développées dans le cadre du projet afin de rendre la région métropolitaine du Rhin supérieur exempte d&rsquo;émissions. </p>


<div class="wp-block-image">
<figure class="alignleft size-full is-resized"><img loading="lazy" decoding="async" width="7016" height="9933" src="https://co2inno.com/wp-content/uploads/2023/11/Poster-A1_CO2Inno-final.jpg" alt="" class="wp-image-320" style="width:420px;height:auto"></figure>
</div>


<p>Un outil de simulation actuellement en cours de développement permettra de répondre aux questions relatives à la facilité d&rsquo;utilisation des systèmes énergétiques décarbonés basés sur la cogénération et les combinaisons possibles avec d&rsquo;autres sources d&rsquo;énergie renouvelables.</p>



<p>En outre, des sujets tels que l&rsquo;acceptation, la réglementation, la cybersécurité et la réutilisation des matériaux locaux seront analysés dans des études complémentaires.</p>



<p>Le premier colloque de ce projet Interreg aura lieu le 5 décembre 2023 à l&rsquo;auditorium de l&rsquo;Université de Fribourg (13h-17h) et est divisé en trois blocs de programme :</p>



<ol class="wp-block-list">
<li>Présentation du projet Interreg et de la centrale pilote de cogénération H2</li>



<li>Utilisation d&rsquo;une cogénération H2 à partir des études de cas de la ville d&rsquo;Offenburg et de l&rsquo;hôpital universitaire de Freiburg</li>



<li>État de maturité technologique et projets industriels exemplaires</li>
</ol>



<p>Une traduction simultanée allemand-français sera assurée.</p>



<p>L&rsquo;<a href="https://trion-climate.net/fileadmin/Aktivitaeten/Veranstaltungen_2023/CO2Inno/Programm_1.Kolloquium_CO2InnO_05.12.23_Freiburg.pdf" data-type="link" data-id="https://trion-climate.net/fileadmin/Aktivitaeten/Veranstaltungen_2023/CO2Inno/Programm_1.Kolloquium_CO2InnO_05.12.23_Freiburg.pdf">ordre du jour</a> et le formulaire d&rsquo;<a href="https://trion-climate.net/news-details/kolloquium-co2inno-reallabor-fuer-eine-co2-neutrale-innovationsregion-oberrhein#c2340">inscription</a> sont disponibles sous les liens respectifs.</p>



<p>Nous nous réjouissons de votre participation !</p>

<p>Le premier colloque du projet Interreg CO2InnO présentera les premiers résultats de la recherche. Des solutions durables dans les domaines de l&rsquo;énergie, de la mobilité et de l&rsquo;industrie sont développées dans le cadre du projet afin de rendre la région métropolitaine du Rhin supérieur exempte d&rsquo;émissions. Un outil de simulation actuellement en cours de développement&#8230;</p>
